{"id":67,"date":"2014-04-17T15:11:08","date_gmt":"2014-04-17T13:11:08","guid":{"rendered":"http:\/\/www.dasgrafikbuero.at\/wp_daniel\/?page_id=67"},"modified":"2019-05-14T00:53:25","modified_gmt":"2019-05-13T22:53:25","slug":"daniel-piedl","status":"publish","type":"page","link":"http:\/\/www.thedreammakers.at\/?page_id=67","title":{"rendered":"Daniel Piedl"},"content":{"rendered":"<p><img loading=\"lazy\" decoding=\"async\" class=\"size-medium wp-image-243 aligncenter\" src=\"http:\/\/www.thedreammakers.at\/wp-content\/uploads\/2014\/04\/danie_piedl_web-263x300.jpg\" alt=\"\" width=\"263\" height=\"300\" srcset=\"http:\/\/www.thedreammakers.at\/wp-content\/uploads\/2014\/04\/danie_piedl_web-263x300.jpg 263w, http:\/\/www.thedreammakers.at\/wp-content\/uploads\/2014\/04\/danie_piedl_web.jpg 350w\" sizes=\"auto, (max-width: 263px) 100vw, 263px\" \/><\/p>\n<h2><\/h2>\n<div class=\"text\">\n<p><strong>Schlagzeug<br \/>\n<\/strong><\/p>\n<p>&nbsp;<\/p>\n<p>Daniel Piedl wurde in Ungarn geboren und studierte an der Universit\u00e4t f\u00fcr Musik und Darstellende Kunst in Graz\/Obersch\u00fctzen bei Prof Martin Kerschbaum.<br \/>\nEr spielt in zahlreichen Ensembles wie den:<strong> Wiener Symphonikern,Il Giardino Armonico, Kristjan J\u00e4rvi\u2019s Absolute Ensemble, La Stagione Frankfurt, Solamente Naturali Bratislava, Wiener Johann Strauss Orchester, Tonk\u00fcnstler-Orchester Nieder\u00f6sterreich, Julian Rachlin &amp; Friends, Concentus Musicus Wien, Chamber Orchestra of Europe, Wiener Concertverein, Mahler Chamber Orchestra, Orquesta Barocca de Sevilla, Strauss Festival Orchestra, Ensemble Kontrapunkte, Solistes Europ\u00e9ens Luxembourg, Wiener Kammerphilharmonie, Symphonieorchester Vorarlberg, Symphonieorchester der Volksoper Wien, Sch\u00f6nbrunner Schlossorchester, Wiener Mozart Orchester, Camerata Salzburg, Vienna Classical Players, B\u00fchnenorchester der Wiener Staatsoper<\/strong> etc.<\/p>\n<p>Zahlreiche Tourneen im In- und Ausland.<br \/>\nSeit 2011 Engagement im Stadttheater Baden.<\/p>\n<\/div>\n<hr \/>\n","protected":false},"excerpt":{"rendered":"<p>Schlagzeug &nbsp; Daniel Piedl wurde in Ungarn geboren und studierte an der Universit\u00e4t f\u00fcr Musik und Darstellende Kunst in Graz\/Obersch\u00fctzen bei Prof Martin Kerschbaum. Er spielt in zahlreichen Ensembles wie den: Wiener Symphonikern,Il Giardino Armonico, Kristjan J\u00e4rvi\u2019s Absolute Ensemble, La Stagione Frankfurt, Solamente Naturali Bratislava, Wiener Johann Strauss Orchester, Tonk\u00fcnstler-Orchester Nieder\u00f6sterreich, Julian Rachlin &amp; Friends, [&hellip;]<\/p>\n","protected":false},"author":1,"featured_media":0,"parent":16,"menu_order":70,"comment_status":"closed","ping_status":"closed","template":"","meta":{"footnotes":""},"class_list":["post-67","page","type-page","status-publish","hentry"],"_links":{"self":[{"href":"http:\/\/www.thedreammakers.at\/index.php?rest_route=\/wp\/v2\/pages\/67","targetHints":{"allow":["GET"]}}],"collection":[{"href":"http:\/\/www.thedreammakers.at\/index.php?rest_route=\/wp\/v2\/pages"}],"about":[{"href":"http:\/\/www.thedreammakers.at\/index.php?rest_route=\/wp\/v2\/types\/page"}],"author":[{"embeddable":true,"href":"http:\/\/www.thedreammakers.at\/index.php?rest_route=\/wp\/v2\/users\/1"}],"replies":[{"embeddable":true,"href":"http:\/\/www.thedreammakers.at\/index.php?rest_route=%2Fwp%2Fv2%2Fcomments&post=67"}],"version-history":[{"count":17,"href":"http:\/\/www.thedreammakers.at\/index.php?rest_route=\/wp\/v2\/pages\/67\/revisions"}],"predecessor-version":[{"id":313,"href":"http:\/\/www.thedreammakers.at\/index.php?rest_route=\/wp\/v2\/pages\/67\/revisions\/313"}],"up":[{"embeddable":true,"href":"http:\/\/www.thedreammakers.at\/index.php?rest_route=\/wp\/v2\/pages\/16"}],"wp:attachment":[{"href":"http:\/\/www.thedreammakers.at\/index.php?rest_route=%2Fwp%2Fv2%2Fmedia&parent=67"}],"curies":[{"name":"wp","href":"https:\/\/api.w.org\/{rel}","templated":true}]}}

<p><img loading="lazy" decoding="async" class="size-medium wp-image-243 aligncenter" src="http://www.thedreammakers.at/wp-content/uploads/2014/04/danie_piedl_web-263x300.jpg" alt="" width="263" height="300" srcset="http://www.thedreammakers.at/wp-content/uploads/2014/04/danie_piedl_web-263x300.jpg 263w, http://www.thedreammakers.at/wp-content/uploads/2014/04/danie_piedl_web.jpg 350w" sizes="auto, (max-width: 263px) 100vw, 263px" /></p>
<h2></h2>
<div class="text">
<p><strong>Schlagzeug<br />
</strong></p>
<p>&nbsp;</p>
<p>Daniel Piedl wurde in Ungarn geboren und studierte an der Universität für Musik und Darstellende Kunst in Graz/Oberschützen bei Prof Martin Kerschbaum.<br />
Er spielt in zahlreichen Ensembles wie den:<strong> Wiener Symphonikern,Il Giardino Armonico, Kristjan Järvi’s Absolute Ensemble, La Stagione Frankfurt, Solamente Naturali Bratislava, Wiener Johann Strauss Orchester, Tonkünstler-Orchester Niederösterreich, Julian Rachlin &amp; Friends, Concentus Musicus Wien, Chamber Orchestra of Europe, Wiener Concertverein, Mahler Chamber Orchestra, Orquesta Barocca de Sevilla, Strauss Festival Orchestra, Ensemble Kontrapunkte, Solistes Européens Luxembourg, Wiener Kammerphilharmonie, Symphonieorchester Vorarlberg, Symphonieorchester der Volksoper Wien, Schönbrunner Schlossorchester, Wiener Mozart Orchester, Camerata Salzburg, Vienna Classical Players, Bühnenorchester der Wiener Staatsoper</strong> etc.</p>
<p>Zahlreiche Tourneen im In- und Ausland.<br />
Seit 2011 Engagement im Stadttheater Baden.</p>
</div>
<hr />

<p>Schlagzeug &nbsp; Daniel Piedl wurde in Ungarn geboren und studierte an der Universität für Musik und Darstellende Kunst in Graz/Oberschützen bei Prof Martin Kerschbaum. Er spielt in zahlreichen Ensembles wie den: Wiener Symphonikern,Il Giardino Armonico, Kristjan Järvi’s Absolute Ensemble, La Stagione Frankfurt, Solamente Naturali Bratislava, Wiener Johann Strauss Orchester, Tonkünstler-Orchester Niederösterreich, Julian Rachlin &amp; Friends, [&hellip;]</p>
